 = n - -159. Calculate the highest common factor of t and z.
6
Let c be -3*(0 - 50/6). Let z(m) = -2*m**3 + 277*m**2 - 404*m - 924. Let q be z(137). What is the highest common divisor of q and c?
5
Let q = -276 - -280. Let w be q/(-16) + (-5)/(-20)*21. Calculate the greatest common divisor of 105 and w.
5
Let s = -939 - -941. Let a be ((-2)/(-4))/(15/(-420)). Let v be (-60)/a + 8/(-28). What is the greatest common factor of v and s?
2
Suppose -2*c - 5*c = 0. Let y(z) = z**2 - 3*z + 6. Let n be y(3). Suppose 11 = w - f, 2*w + 2*f + c = n. What is the highest common divisor of w and 28?
7
Suppose -28*r + 29*r + 4*h = 12540, 5*r = 3*h + 62907. Calculate the highest common factor of 16 and r.
16
Let f(l) = 2*l**3 - 27*l**2 - 8*l - 245. Let u be f(15). What is the greatest common divisor of 70 and u?
10
Suppose 77*t = 66*t - 77. Let f(i) = i**3 + 8*i**2 + 10*i + 33. Let m be f(t). What is the highest common factor of 180 and m?
12
Suppose -p + 119 = -0*g + 2*g, -p + 112 = -5*g. Suppose -15*j + 12*j + p = 0. Calculate the highest common divisor of 6 and j.
3
Suppose 4*s - 437 = 4*q - 1217, -3*q - s = -597. Let k = 30 - 8. What is the highest common divisor of q and k?
22
Let c(q) = 3*q + 10. Let o be c(-3). Let d(n) = -n**3 + 9*n**2 - 9*n - 7. Let z be d(2). What is the greatest common divisor of o and z?
1
Let k be 11 + -4*(-3)/(-6). Let u = -18 + 21. Suppose 206 = 2*d + 4*t, u*d + 4*t = 6*t + 293. Calculate the greatest common factor of d and k.
9
Suppose 0*n - 2*n = 56. Suppose 4*x = -l - 129, -10*x = -8*x + 5*l + 87. Let r = n - x. What is the highest common factor of 27 and r?
3
Let w be -1 - (-26)/4*2. Suppose 105*o = 104*o + w. Calculate the highest common factor of o and 54.
6
Suppose 18*u - 82431 + 11759 = 105350. What is the highest common factor of u and 539?
77
Suppose -51*o - 48 = -67*o. Let m be o - 561/(-27) - 22/(-99). Calculate the greatest common factor of m and 64.
8
Let c(s) = s**3 + s**2. Suppose -13*g = -26 - 0. Let d be c(g). Suppose 70 + 170 = 5*q. What is the highest common divisor of d and q?
12
Let l = 43 + -28. Suppose 20*h - 440 = 12*h. Let v be h*(4/l + 1/3). Calculate the greatest common divisor of v and 264.
33
Let r(z) = 12*z**2 + z. Let x = -4 - -18. Let a = x - 15. Let k be r(a). Calculate the highest common factor of k and 11.
11
Let k = -16 - -49. Let h = -83 + 91. Let u be -36*(12/h - 3) - -1. Calculate the greatest common divisor of u and k.
11
Suppose 45 = 5*v - 5. Let d(y) = -y**3 + 12*y**2 - 18*y + 10. Let p be d(v). What is the highest common factor of 15 and p?
15
Let s = 7547 - 7331. Calculate the greatest common factor of s and 3564.
108
Let o = -65 + 440. Let y(g) = -78*g - 9753. Let q be y(-126). Calculate the highest common factor of q and o.
75
Let u = -121 - -118. Let j be (-8)/u*7/((-28)/(-6)). Let p be ((-3)/(-2))/(j/8). What is the highest common divisor of p and 27?
3
Let n(h) = 5*h**2 - 4*h**2 + 5*h**3 - 7*h**3. Let t be n(-1). Suppose 0*o - t*o + 27 = 0. What is the greatest common divisor of o and 99?
9
Let y(z) = 4*z**2 + 2. Let i be y(2). Let g be (1 - 2 - 4)/(-3 - 2). Let q be 199 + 1/(-2 + g). Calculate the highest common factor of q and i.
18
Suppose 0 = -4*o + 2*o + 2, 0 = -2*g - 3*o + 37. Suppose -18*a - 20 = -14*a. Let t be 22 - (a + 12 + -2). What is the highest common factor of g and t?
17
Let n be (-2 - -3)*(385 - 16 - 12/(-2)). Calculate the greatest common divisor of n and 3225.
75
Let t(s) = -s - 14. Let x be t(-17). Suppose 702*c = 703*c - 32. Suppose x*w + w = c. What is the highest common factor of w and 8?
8
Suppose -715*p = -693*p - 5548 - 2768. What is the greatest common factor of 7434 and p?
126
Suppose 0 = -4*s + 5*x + 21, 24*s = 20*s - x + 15. Let o be (1*18/s)/(114/152). What is the greatest common factor of 498 and o?
6
Let l(i) = i**2 - 27*i - 13. Let p be l(28). Let x be ((-24)/20)/(p/(-175)). Calculate the greatest common factor of x and 434.
14
Suppose -2*a + 8*a - 2950 = -4*a. Calculate the highest common divisor of 65 and a.
5
Let v = 145 - 150. Let f(x) = 5*x**2 + 31. Let z be f(v). Calculate the greatest common divisor of 195 and z.
39
Suppose 4*o = 3*w + 11, 0 = -2*w - w + o + 4. Suppose -c + 1 = 2*a, a - w*c = 3*a + 5. Suppose 2 = -a*t + 14. Calculate the greatest common divisor of t and 18.
6
Suppose -r = r - 72. Suppose -u + 3*i - 23 = 0, 20*i + 2 = 2*u + 22*i. Let j = u + r. What is the highest common factor of j and 93?
31
Let o = -26722 - -47622. What is the greatest common divisor of 200 and o?
100
Suppose 2*n - 196 = 6*t - t, t = -3*n + 311. Suppose n - 5 = 4*c - s, 3*s - 81 = -3*c. What is the highest common divisor of c and 325?
25
Let y = 8 - 4. Suppose 4*q - 99 = m, 53 = 4*m + 97. Calculate the highest common divisor of y and q.
2
Let o(m) = -3888*m - 5616. Let j be o(-5). What is the highest common factor of 12 and j?
12
Let b(d) = d**3 + 5*d**2 - 7*d - 2. Let q be b(-6). Suppose -3*g = 75*y - 76*y - 14, 2*y + 2*g - 28 = 0. Calculate the highest common divisor of q and y.
1
Let a(z) = -z**3 - z**2 - 3*z + 3. Let q(p) = -2*p - 4. Let n be q(0). Let u be a(n). Suppose f - 4 - 17 = 0. Calculate the highest common divisor of f and u.
21
Let a = -285 + 306. Let u be -14*3/9*(-216)/a. Calculate the greatest common factor of 64 and u.
16
Suppose -21198 = 28*v + 32*v - 67698. Calculate the highest common divisor of v and 400.
25
Let j be (-10 - 142)/(-4) + 1*-2. Suppose -3*p + 4*s = -129, -j = -5*p + 4*p - s. Let v be (-105)/(-4) - 1/4. Calculate the highest common factor of p and v.
13
Suppose 0 = 111*o - 20*o - 46 - 227. Calculate the greatest common divisor of o and 1296.
3
Let s = 32948 + -32892. What is the highest common factor of s and 4186?
14
Let t(a) = a**3 + a**2 - 3*a - 192. Let g be t(0). Let v = -163 - g. What is the highest common divisor of v and 145?
29
Suppose -10*f = -17*f + 126. Suppose 5*p - 71 - 5 = 4*d, 4*p - 68 = 5*d. Calculate the greatest common factor of f and p.
6
Let q be (-3 + 21/6)*24. Suppose g = -0*g + q. Suppose -y + 0 = -g. What is the greatest common factor of 72 and y?
12
Let i(l) = -l**3 + 10*l**2 + l + 6. Let x be i(10). Suppose 5*f = 25, -f = -4*g - 5*f - 176. Let j = 89 + g. What is the greatest common factor of x and j?
8
Suppose -5*y + 80*m + 775 = 85*m, 5*m + 521 = 3*y. Suppose 36 = -4*n + 6*n. Calculate the highest common divisor of y and n.
18
Let a(r) = r - 51. Let u(q) = -3*q + 114. Let w(s) = 5*a(s) + 2*u(s). Let x be 29*2/4*-2. Let f be w(x). Calculate the highest common factor of f and 1.
1
Let y be (7 + -33 - -24)*(-2)/((-4)/(-185)). Calculate the highest common factor of y and 120.
5
Let i = -1862 + 3679. Calculate the highest common factor of i and 23.
23
Let f = -3744 - -3777. Calculate the greatest common factor of f and 22935.
33
Let t be 42*(-5 - 315/(-49)). Suppose -5*j + 56*z - t*z + 188 = 0, 4*j - 148 = -4*z. What is the highest common factor of 480 and j?
40
Suppose 3*n - 2*n = -4*o + 257, 0 = n + 3. Let r be (52/o)/((-1)/(-1395)). What is the highest common factor of 36 and r?
36
Let y = 90 + -110. Let o be ((-42)/35)/((-2)/(y/(-3))). Let h be 37 - (8 + o + -8). What is the greatest common divisor of 11 and h?
11
Suppose -18 - 35 = 2*z + 5*w, z + 2*w = -26. Let u = z - -19. Let s = u - -13. Calculate the greatest common factor of 72 and s.
8
Let r be 4084/10 + (-6)/15. Suppose -5*a - 158 = -3*x, 18*a - 17*a - 203 = -4*x. Calculate the greatest common factor of x and r.
51
Let r(o) = -o + 1. Let g be r(-3). Suppose 0 = -g*f + 5*f - 192. Suppose -17*u + 13*u + f = 0. What is the highest common divisor of 24 and u?
24
Suppose -12*v = -14*v + 52. Suppose 22 = -b + v. Suppose -5*r + 13 = -4*h - 11, -2*h + 14 = b*r. What is the highest common divisor of r and 36?
4
Let c(q) = 8*q + 16. Let i be c(0). Suppose 437 - 1477 = -i*z. What is the highest common divisor of 26 and z?
13
Let x = -4360 + 4650. What is the highest common factor of x and 1102?
58
Let y = 15510 - 14380. What is the greatest common factor of 1356 and y?
226
Let s(c) be the first derivative of c**2 + 6 - 4/3*c**3 - 6*c - 1/4*c**4. Let f be s(-5). What is the greatest common divisor of f and 27?
9
Let s(a) = -5*a + 2. Let k be s(0). Suppose p = -k*q + 48, -4*p - 2*q = -114 - 54. Calculate the highest common factor of p and 200